f 3299.
3299
What are the prime factors of 74342?
2, 37171
List the prime factors of 18511.
107, 173
List the prime factors of 715.
5, 11, 13
List the prime factors of 3237.
3, 13, 83
List the prime factors of 1274.
2, 7, 13
List the prime factors of 63322.
2, 7, 4523
List the prime factors of 3399.
3, 11, 103
List the prime factors of 41427.
3, 4603
List the prime factors of 3756.
2, 3, 313
List the prime factors of 2297.
2297
List the prime factors of 9744.
2, 3, 7, 29
List the prime factors of 28011.
3, 9337
What are the prime factors of 1579?
1579
List the prime factors of 51651.
3, 1913
What are the prime factors of 2848?
2, 89
What are the prime factors of 800?
2, 5
List the prime factors of 76.
2, 19
List the prime factors of 56847.
3, 7, 2707
List the prime factors of 755.
5, 151
List the prime factors of 1934.
2, 967
List the prime factors of 3758.
2, 1879
What are the prime factors of 1125?
3, 5
What are the prime factors of 12230?
2, 5, 1223
List the prime factors of 18292.
2, 17, 269
List the prime factors of 17840.
2, 5, 223
List the prime factors of 2395.
5, 479
List the prime factors of 39662.
2, 7, 2833
List the prime factors of 2201.
31, 71
What are the prime factors of 7575?
3, 5, 101
What are the prime factors of 3700?
2, 5, 37
List the prime factors of 69223.
7, 11, 29, 31
List the prime factors of 6189.
3, 2063
What are the prime factors of 19083?
3, 6361
List the prime factors of 1217.
1217
What are the prime factors of 36723?
3, 12241
What are the prime factors of 5646?
2, 3, 941
List the prime factors of 1397.
11, 127
What are the prime factors of 52688?
2, 37, 89
What are the prime factors of 10034?
2, 29, 173
What are the prime factors of 4170?
2, 3, 5, 139
List the prime factors of 4805.
5, 31
List the prime factors of 21257.
29, 733
List the prime factors of 1952.
2, 61
What are the prime factors of 9442?
2, 4721
List the prime factors of 3912.
2, 3, 163
What are the prime factors of 3948?
2, 3, 7, 47
What are the prime factors of 12410?
2, 5, 17, 73
What are the prime factors of 1577?
19, 83
What are the prime factors of 21040?
2, 5, 263
List the prime factors of 14281.
14281
What are the prime factors of 535?
5, 107
List the prime factors of 9646.
2, 7, 13, 53
What are the prime factors of 11506?
2, 11, 523
List the prime factors of 2441.
2441
What are the prime factors of 1184?
2, 37
What are the prime factors of 1645?
5, 7, 47
List the prime factors of 4874.
2, 2437
List the prime factors of 5425.
5, 7, 31
List the prime factors of 81087.
3, 151, 179
List the prime factors of 371.
7, 53
What are the prime factors of 13420?
2, 5, 11, 61
What are the prime factors of 4383?
3, 487
What are the prime factors of 15136?
2, 11, 43
List the prime factors of 421.
421
What are the prime factors of 36051?
3, 61, 197
What are the prime factors of 24323?
13, 1871
What are the prime factors of 9433?
9433
What are the prime factors of 975?
3, 5, 13
What are the prime factors of 16495?
5, 3299
List the prime factors of 109113.
3, 37, 983
What are the prime factors of 83474?
2, 41737
What are the prime factors of 4011?
3, 7, 191
List the prime factors of 130206.
2, 3, 21701
List the prime factors of 250.
2, 5
List the prime factors of 295.
5, 59
List the prime factors of 4762.
2, 2381
What are the prime factors of 4921?
7, 19, 37
What are the prime factors of 961?
31
List the prime factors of 14015.
5, 2803
List the prime factors of 7337.
11, 23, 29
What are the prime factors of 180?
2, 3, 5
List the prime factors of 47173.
7, 23, 293
List the prime factors of 13680.
2, 3, 5, 19
List the prime factors of 29055.
3, 5, 13, 149
What are the prime factors of 11201?
23, 487
What are the prime factors of 272?
2, 17
What are the prime factors of 3900?
2, 3, 5, 13
List the prime factors of 24847.
24847
List the prime factors of 10424.
2, 1303
List the prime factors of 2278.
2, 17, 67
List the prime factors of 4256.
2, 7, 19
List the prime factors of 40164.
2, 3, 3347
List the prime factors of 8699.
8699
List the prime factors of 16333.
16333
List the prime factors of 765.
3, 5, 17
List the prime factors of 828.
2, 3, 23
List the prime factors of 22815.
3, 5, 13
What are the prime factors of 38060?
2, 5, 11, 173
What are the prime factors of 38192?
2, 7, 11, 31
List the prime factors of 5175.
3, 5, 23
List the prime factors of 19494.
2, 3, 19
What are the prime factors of 52372?
2, 13093
What are the prime factors of 1034?
2, 11, 47
List the prime factors of 63138.
2, 3, 17, 619
What are the prime factors of 2394?
2, 3, 7, 19
What are the prime factors of 4471?
17, 263
What are the prime factors of 29?
29
List the prime factors of 29264.
2, 31, 59
What are the prime factors of 927?
3, 103
List the prime factors of 1578.
2, 3, 263
List the prime factors of 1799.
7, 257
List the prime factors of 71980.
2, 5, 59, 61
List the prime factors of 20705.
5, 41, 101
What are the prime factors of 321?
3, 107
What are the prime factors of 671?
11, 61
List the prime factors of 1367.
1367
List the prime factors of 97.
97
What are the prime factors of 4406?
2, 2203
List the prime factors of 31461.
3, 10487
List the prime factors of 9062.
2, 23, 197
List the prime factors of 70491.
3, 23497
List the prime factors of 40724.
2, 10181
What are the prime factors of 1026?
2, 3, 19
What are the prime factors of 16932?
2, 3, 17, 83
List the prime factors of 782.
2, 17, 23
List the prime factors of 1360.
2, 5, 17
What are the prime factors of 5353?
53, 101
What are the prime factors of 255?
3, 5, 17
What are the prime factors of 4701?
3, 1567
What are the prime factors of 6613?
17, 389
What are the prime factors of 3846?
2, 3, 641
What are the prime factors of 1161?
3, 43
What are the prime factors of 25?
5
List the prime factors of 7638.
2, 3, 19, 67
What are the prime factors of 17397?
3, 1933
What are the prime factors of 97?
97
List the prime factors of 18151.
7, 2593
List the prime factors of 740.
2, 5, 37
List the prime factors of 1258.
2, 17, 37
What are the prime factors of 1258?
2, 17, 37
List the prime factors of 13815.
3, 5, 307
List the prime factors of 3213.
3, 7, 17
What are the prime factors of 9924?
2, 3, 827
What are the prime factors of 56488?
2, 23, 307
List the prime factors of 5676.
2, 3, 11, 43
What are the prime factors of 48475?
5, 7, 277
What are the prime factors of 1903?
11, 173
What are the prime factors of 25626?
2, 3, 4271
What are the prime factors of 782?
2, 17, 23
What are the prime factors of 1191?
3, 397
List the prime factors of 83365.
5, 16673
List the prime factors of 24077.
24077
What are the prime factors of 2512?
2, 157
List the prime factors of 23181.
3, 7727
List the prime factors of 8295.
3, 5, 7, 79
What are the prime factors of 348?
2, 3, 29
What are the prime factors of 2358?
2, 3, 131
List the prime factors of 762.
2, 3, 127
List the prime factors of 1357.
23, 59
List the prime factors of 6222.
2, 3, 17, 61
What are the prime factors of 7157?
17, 421
List the prime factors of 9369.
3, 347
What are the prime factors of 14729?
11, 13, 103
What are the prime factors of 72032?
2, 2251
What are the prime factors of 1067?
11, 97
List the prime factors of 6323.
6323
List the prime factors of 37954.
2, 7, 2711
What are the prime factors of 3124?
2, 11, 71
What are the prime factors of 20015?
5, 4003
What are the prime factors of 613?
613
What are the prime factors of 1334?
2, 23, 29
What are the prime factors of 7310?
2, 5, 17, 43
What are the prime factors of 434?
2, 7, 31
What are the prime factors of 382?
2, 191
List the prime factors of 3670.
2, 5, 367
List the prime factors of 397.
397
List the prime factors of 2140.
2, 5, 107
List the prime factors of 16471.
7, 13, 181
What are the prime factors of 2355?
3, 5, 157
What are the prime factors of 2999?
2999
List the prime factors of 6933.
3, 2311
List the prime factors of 1728.
2, 3
List the prime factors of 6878.
2, 19, 181
What are the prime factors of 423?
3, 47
List the prime factors of 62007.
3, 11, 1879
What are the prime factors of 58784?
2, 11, 167
List the prime factors of 82603.
17, 43, 113
What are the prime factors of 58731?
3, 19577
List the prime factors of 23.
23
List the prime factors of 11500.
2, 5, 23
List the prime factors of 1159.
19, 61
What a